of 38417684.
2, 277, 34673
What are the prime factors of 3477285?
3, 5, 7, 19, 83
List the prime factors of 147212102.
2, 73606051
What are the prime factors of 6048242034?
2, 3, 263, 3832853
What are the prime factors of 292665221?
83, 3526087
What are the prime factors of 400027064?
2, 19, 71, 101, 367
List the prime factors of 954514694.
2, 7, 68179621
List the prime factors of 136023184.
2, 11, 772859
What are the prime factors of 3520379082?
2, 3, 11, 4849007
What are the prime factors of 650267006?
2, 4177, 77839
What are the prime factors of 61754173?
13, 353, 13457
List the prime factors of 1093879889.
71, 113, 136343
What are the prime factors of 58193915?
5, 13, 895291
List the prime factors of 4117886.
2, 167, 12329
What are the prime factors of 90574316?
2, 7, 3234797
List the prime factors of 451203849.
3, 19, 257, 10267
List the prime factors of 2317475598.
2, 3, 17, 22720349
List the prime factors of 254527722.
2, 3, 29, 487601
What are the prime factors of 212613947?
7, 13, 47, 49711
What are the prime factors of 62399062?
2, 11, 2836321
List the prime factors of 149795873.
1993, 75161
List the prime factors of 413326782.
2, 3, 11, 31, 67339
List the prime factors of 4766274859.
593, 1153, 6971
List the prime factors of 1785535940.
2, 5, 89276797
What are the prime factors of 1123441386?
2, 3, 19, 509, 1019
What are the prime factors of 18379122?
2, 3, 3063187
List the prime factors of 3678197464.
2, 4261, 107903
List the prime factors of 208086051.
3, 69362017
What are the prime factors of 5786168561?
2311, 2503751
What are the prime factors of 248542687?
248542687
List the prime factors of 592749989.
13, 163, 279731
What are the prime factors of 1016009402?
2, 508004701
List the prime factors of 263023312.
2, 53, 310169
List the prime factors of 484929664.
2, 109, 34757
What are the prime factors of 37268782?
2, 18634391
What are the prime factors of 597031276?
2, 149257819
List the prime factors of 701906418.
2, 3, 12998267
List the prime factors of 823659153.
3, 274553051
List the prime factors of 4391968833.
3, 7, 9959113
List the prime factors of 146514494.
2, 7, 31, 439, 769
List the prime factors of 75228426.
2, 3, 7, 13
List the prime factors of 43171437.
3, 23, 31, 20183
What are the prime factors of 355616098?
2, 17, 10459297
List the prime factors of 795632428.
2, 1667, 119321
What are the prime factors of 949672599?
3, 23, 29, 37, 101, 127
List the prime factors of 1674963751.
1674963751
What are the prime factors of 203723286?
2, 3, 13, 47, 61, 911
List the prime factors of 1004558209.
1004558209
What are the prime factors of 32926399?
11, 17, 16007
List the prime factors of 11110305.
3, 5, 740687
List the prime factors of 206680124.
2, 7, 7381433
List the prime factors of 6061078059.
3, 23, 2053, 42787
What are the prime factors of 321151799?
47, 2027, 3371
List the prime factors of 74703317.
13, 5746409
List the prime factors of 2025769840.
2, 5, 1487, 17029
What are the prime factors of 2860106320?
2, 5, 35751329
List the prime factors of 109089174.
2, 3, 293, 62053
List the prime factors of 34403893.
31, 227, 4889
List the prime factors of 50685509.
7, 7240787
What are the prime factors of 1420528172?
2, 7, 50733149
List the prime factors of 40921795.
5, 8184359
What are the prime factors of 55314347?
11, 47, 97, 1103
What are the prime factors of 114626667?
3, 137, 151, 1847
What are the prime factors of 17737188?
2, 3, 7, 17, 12421
What are the prime factors of 541886057?
20287, 26711
What are the prime factors of 3540949154?
2, 83, 4027, 5297
What are the prime factors of 419522607?
3, 7, 6659089
What are the prime factors of 124893808?
2, 13, 600451
What are the prime factors of 989456511?
3, 8627, 38231
List the prime factors of 68317669.
7, 43, 263, 863
What are the prime factors of 9654471?
3, 119191
What are the prime factors of 115271430?
2, 3, 5, 3842381
What are the prime factors of 85179453?
3, 2689, 10559
What are the prime factors of 876573716?
2, 647, 338707
List the prime factors of 52587155.
5, 19, 553549
What are the prime factors of 1766058703?
23, 103, 151, 4937
What are the prime factors of 87524016?
2, 3, 23, 79279
List the prime factors of 1847014259.
67, 173, 159349
List the prime factors of 100690996.
2, 7, 3596107
What are the prime factors of 23054969?
7, 107, 30781
What are the prime factors of 1250209590?
2, 3, 5, 7, 127, 46877
What are the prime factors of 959340440?
2, 5, 37, 17519
What are the prime factors of 565503427?
71, 827, 9631
What are the prime factors of 3215600202?
2, 3, 535933367
What are the prime factors of 107407667?
107407667
List the prime factors of 313416796.
2, 7, 11, 911, 1117
What are the prime factors of 1977986557?
29, 68206433
What are the prime factors of 1165074039?
3, 17, 23, 331081
What are the prime factors of 46900658?
2, 7, 211, 15877
What are the prime factors of 659984038?
2, 7, 19, 43, 8243
What are the prime factors of 274399018?
2, 2657, 51637
List the prime factors of 207758260.
2, 5, 563, 18451
What are the prime factors of 188538627?
3, 139, 452131
List the prime factors of 1229699546.
2, 887, 693179
List the prime factors of 868498800.
2, 3, 5, 13, 55673
What are the prime factors of 74556811?
7, 10650973
List the prime factors of 370063744.
2, 23, 337, 373
List the prime factors of 473987005.
5, 94797401
List the prime factors of 330563268.
2, 3, 7, 23, 6337
List the prime factors of 35866408.
2, 907, 4943
List the prime factors of 721036986.
2, 3, 43, 2794717
What are the prime factors of 9290632?
2, 13, 157, 569
What are the prime factors of 34301123?
53, 311, 2081
List the prime factors of 2910751395.
3, 5, 194050093
What are the prime factors of 1548827391?
3, 1021, 505657
What are the prime factors of 19636862?
2, 7, 37, 167, 227
What are the prime factors of 3849251299?
17, 53, 101, 42299
What are the prime factors of 128296832?
2, 241, 4159
What are the prime factors of 17749720?
2, 5, 41, 79, 137
List the prime factors of 67066972.
2, 7, 17, 140897
List the prime factors of 40686913.
29, 47, 29851
List the prime factors of 612555377.
7, 349, 250739
What are the prime factors of 187330070?
2, 5, 18733007
List the prime factors of 36813138.
2, 3, 6135523
What are the prime factors of 135868898?
2, 11, 67, 92177
What are the prime factors of 1431767960?
2, 5, 7, 373, 13709
List the prime factors of 1845775361.
89, 20739049
What are the prime factors of 677372932?
2, 169343233
What are the prime factors of 323393119?
7, 46199017
List the prime factors of 85259505.
3, 5, 17, 23, 14537
What are the prime factors of 497427005?
5, 1637, 60773
List the prime factors of 892064923.
1187, 751529
What are the prime factors of 4455456940?
2, 5, 11, 20252077
List the prime factors of 221139544.
2, 27642443
What are the prime factors of 89827156?
2, 53, 423713
List the prime factors of 163043392.
2, 401, 6353
List the prime factors of 407464610.
2, 5, 7, 5820923
List the prime factors of 47276757.
3, 11, 29, 499
What are the prime factors of 1107102950?
2, 5, 22142059
List the prime factors of 6029303813.
13, 157, 2954093
What are the prime factors of 75993997?
53, 1433849
What are the prime factors of 7101436?
2, 1775359
What are the prime factors of 268290717?
3, 43, 53, 39241
List the prime factors of 2560674592.
2, 7, 61, 193, 971
What are the prime factors of 386989141?
7, 11, 2029, 2477
List the prime factors of 513920943.
3, 234989
What are the prime factors of 2552121477?
3, 19, 61, 244667
What are the prime factors of 217783892?
2, 54445973
List the prime factors of 4055720.
2, 5, 41, 2473
What are the prime factors of 1986826248?
2, 3, 11, 2508619
What are the prime factors of 229523794?
2, 8219, 13963
What are the prime factors of 7293003410?
2, 5, 7, 11, 647, 14639
List the prime factors of 719707809.
3, 41, 5851283
What are the prime factors of 829330556?
2, 67, 401, 7717
What are the prime factors of 2164389009?
3, 19, 37971737
What are the prime factors of 103843479?
3, 34614493
What are the prime factors of 408044710?
2, 5, 17, 41, 58543
What are the prime factors of 1391846291?
11, 157, 805933
What are the prime factors of 69780469?
11, 839, 7561
List the prime factors of 7154547836.
2, 293, 6104563
List the prime factors o